{"id":989845,"date":"2025-11-19T16:47:23","date_gmt":"2025-11-19T15:47:23","guid":{"rendered":"https:\/\/casparis20.fr\/?post_type=tribe_events&#038;p=989845"},"modified":"2025-12-08T15:01:11","modified_gmt":"2025-12-08T14:01:11","slug":"preserver-cultiver-manger-a-partir-semences-paysannes","status":"publish","type":"tribe_events","link":"https:\/\/casparis20.fr\/index.php\/agenda\/preserver-cultiver-manger-a-partir-semences-paysannes\/","title":{"rendered":"Conf\u00e9rence d\u00e9jeuner &#8211; Pr\u00e9server, cultiver et manger \u00e0 partir de semences paysannes"},"content":{"rendered":"<div class=\"vgblk-rw-wrapper limit-wrapper\">&#8220;Pr\u00e9server, cultiver et manger \u00e0 partir de semences paysannes&#8221;, avec Nadine Lahoud, de Veni Verdi, et Lara Beau, de Buzura Juzuruna, une ferme du Liban qui recherche, cultive et multiplie des semences paysannes afin de les ramener dans les pays ravag\u00e9s par la guerre pour qu\u2019ils conservent leur souverainet\u00e9 alimentaire. \u00c9galement en pr\u00e9sence de Shela Sheikh, ma\u00eetresse de Conf\u00e9rence en politique internationale \u00e0 The University of London Institute \u00e0 Paris.<\/div>\n<p><!-- .vgblk-rw-wrapper --><\/p>\n","protected":false},"excerpt":{"rendered":"<p>&#8220;Pr\u00e9server, cultiver et manger \u00e0 partir de semences paysannes&#8221;, avec Nadine Lahoud, de Veni Verdi, et Lara Beau, de Buzura Juzuruna, une ferme du Liban qui recherche, cultive et multiplie&#8230;<\/p>\n","protected":false},"author":1,"featured_media":0,"template":"","meta":{"_themeisle_gutenberg_block_has_review":false,"_tribe_events_status":"","_tribe_events_status_reason":"","footnotes":""},"tags":[],"tribe_events_cat":[61],"class_list":["post-989845","tribe_events","type-tribe_events","status-publish","hentry","tribe_events_cat-evenement","cat_evenement"],"yoast_head":"<!-- This site is optimized with the Yoast SEO plugin v24.8 - https:\/\/yoast.com\/wordpress\/plugins\/seo\/ -->\n<title>Conf\u00e9rence d\u00e9jeuner - Pr\u00e9server, cultiver et manger \u00e0 partir de semences paysannes - CAS20<\/title>\n<meta name=\"robots\" content=\"index, follow, max-snippet:-1, max-image-preview:large, max-video-preview:-1\" \/>\n<link rel=\"canonical\" href=\"https:\/\/casparis20.fr\/index.php\/agenda\/preserver-cultiver-manger-a-partir-semences-paysannes\/\" \/>\n<meta property=\"og:locale\" content=\"en_US\" \/>\n<meta property=\"og:type\" content=\"article\" \/>\n<meta property=\"og:title\" content=\"Conf\u00e9rence d\u00e9jeuner - Pr\u00e9server, cultiver et manger \u00e0 partir de semences paysannes - CAS20\" \/>\n<meta property=\"og:description\" content=\"&#8220;Pr\u00e9server, cultiver et manger \u00e0 partir de semences paysannes&#8221;, avec Nadine Lahoud, de Veni Verdi, et Lara Beau, de Buzura Juzuruna, une ferme du Liban qui recherche, cultive et multiplie...\" \/>\n<meta property=\"og:url\" content=\"https:\/\/casparis20.fr\/index.php\/agenda\/preserver-cultiver-manger-a-partir-semences-paysannes\/\" \/>\n<meta property=\"og:site_name\" content=\"CAS20\" \/>\n<meta property=\"article:modified_time\" content=\"2025-12-08T14:01:11+00:00\" \/>\n<meta name=\"twitter:card\" content=\"summary_large_image\" \/>\n<meta name=\"twitter:label1\" content=\"Est. reading time\" \/>\n\t<meta name=\"twitter:data1\" content=\"1 minute\" \/>\n<script type=\"application\/ld+json\" class=\"yoast-schema-graph\">{\"@context\":\"https:\/\/schema.org\",\"@graph\":[{\"@type\":\"WebPage\",\"@id\":\"https:\/\/casparis20.fr\/index.php\/agenda\/preserver-cultiver-manger-a-partir-semences-paysannes\/\",\"url\":\"https:\/\/casparis20.fr\/index.php\/agenda\/preserver-cultiver-manger-a-partir-semences-paysannes\/\",\"name\":\"Conf\u00e9rence d\u00e9jeuner - Pr\u00e9server, cultiver et manger \u00e0 partir de semences paysannes - CAS20\",\"isPartOf\":{\"@id\":\"https:\/\/casparis20.fr\/#website\"},\"datePublished\":\"2025-11-19T15:47:23+00:00\",\"dateModified\":\"2025-12-08T14:01:11+00:00\",\"breadcrumb\":{\"@id\":\"https:\/\/casparis20.fr\/index.php\/agenda\/preserver-cultiver-manger-a-partir-semences-paysannes\/#breadcrumb\"},\"inLanguage\":\"en-US\",\"potentialAction\":[{\"@type\":\"ReadAction\",\"target\":[\"https:\/\/casparis20.fr\/index.php\/agenda\/preserver-cultiver-manger-a-partir-semences-paysannes\/\"]}]},{\"@type\":\"BreadcrumbList\",\"@id\":\"https:\/\/casparis20.fr\/index.php\/agenda\/preserver-cultiver-manger-a-partir-semences-paysannes\/#breadcrumb\",\"itemListElement\":[{\"@type\":\"ListItem\",\"position\":1,\"name\":\"Accueil\",\"item\":\"https:\/\/casparis20.fr\/\"},{\"@type\":\"ListItem\",\"position\":2,\"name\":\"\u00c9v\u00e8nements\",\"item\":\"https:\/\/casparis20.fr\/index.php\/events\/\"},{\"@type\":\"ListItem\",\"position\":3,\"name\":\"Conf\u00e9rence d\u00e9jeuner &#8211; Pr\u00e9server, cultiver et manger \u00e0 partir de semences paysannes\"}]},{\"@type\":\"WebSite\",\"@id\":\"https:\/\/casparis20.fr\/#website\",\"url\":\"https:\/\/casparis20.fr\/\",\"name\":\"CAS20\",\"description\":\"Caisse Alimentaire solidaire - Paris 20\",\"publisher\":{\"@id\":\"https:\/\/casparis20.fr\/#organization\"},\"potentialAction\":[{\"@type\":\"SearchAction\",\"target\":{\"@type\":\"EntryPoint\",\"urlTemplate\":\"https:\/\/casparis20.fr\/?s={search_term_string}\"},\"query-input\":{\"@type\":\"PropertyValueSpecification\",\"valueRequired\":true,\"valueName\":\"search_term_string\"}}],\"inLanguage\":\"en-US\"},{\"@type\":\"Organization\",\"@id\":\"https:\/\/casparis20.fr\/#organization\",\"name\":\"CAS20\",\"url\":\"https:\/\/casparis20.fr\/\",\"logo\":{\"@type\":\"ImageObject\",\"inLanguage\":\"en-US\",\"@id\":\"https:\/\/casparis20.fr\/#\/schema\/logo\/image\/\",\"url\":\"https:\/\/casparis20.fr\/wp-content\/uploads\/2025\/02\/Logo_complet_RVB_rouge_CAS20.png\",\"contentUrl\":\"https:\/\/casparis20.fr\/wp-content\/uploads\/2025\/02\/Logo_complet_RVB_rouge_CAS20.png\",\"width\":6278,\"height\":2718,\"caption\":\"CAS20\"},\"image\":{\"@id\":\"https:\/\/casparis20.fr\/#\/schema\/logo\/image\/\"}}]}<\/script>\n<!-- \/ Yoast SEO plugin. -->","yoast_head_json":{"title":"Conf\u00e9rence d\u00e9jeuner - Pr\u00e9server, cultiver et manger \u00e0 partir de semences paysannes - CAS20","robots":{"index":"index","follow":"follow","max-snippet":"max-snippet:-1","max-image-preview":"max-image-preview:large","max-video-preview":"max-video-preview:-1"},"canonical":"https:\/\/casparis20.fr\/index.php\/agenda\/preserver-cultiver-manger-a-partir-semences-paysannes\/","og_locale":"en_US","og_type":"article","og_title":"Conf\u00e9rence d\u00e9jeuner - Pr\u00e9server, cultiver et manger \u00e0 partir de semences paysannes - CAS20","og_description":"&#8220;Pr\u00e9server, cultiver et manger \u00e0 partir de semences paysannes&#8221;, avec Nadine Lahoud, de Veni Verdi, et Lara Beau, de Buzura Juzuruna, une ferme du Liban qui recherche, cultive et multiplie...","og_url":"https:\/\/casparis20.fr\/index.php\/agenda\/preserver-cultiver-manger-a-partir-semences-paysannes\/","og_site_name":"CAS20","article_modified_time":"2025-12-08T14:01:11+00:00","twitter_card":"summary_large_image","twitter_misc":{"Est. reading time":"1 minute"},"schema":{"@context":"https:\/\/schema.org","@graph":[{"@type":"WebPage","@id":"https:\/\/casparis20.fr\/index.php\/agenda\/preserver-cultiver-manger-a-partir-semences-paysannes\/","url":"https:\/\/casparis20.fr\/index.php\/agenda\/preserver-cultiver-manger-a-partir-semences-paysannes\/","name":"Conf\u00e9rence d\u00e9jeuner - Pr\u00e9server, cultiver et manger \u00e0 partir de semences paysannes - CAS20","isPartOf":{"@id":"https:\/\/casparis20.fr\/#website"},"datePublished":"2025-11-19T15:47:23+00:00","dateModified":"2025-12-08T14:01:11+00:00","breadcrumb":{"@id":"https:\/\/casparis20.fr\/index.php\/agenda\/preserver-cultiver-manger-a-partir-semences-paysannes\/#breadcrumb"},"inLanguage":"en-US","potentialAction":[{"@type":"ReadAction","target":["https:\/\/casparis20.fr\/index.php\/agenda\/preserver-cultiver-manger-a-partir-semences-paysannes\/"]}]},{"@type":"BreadcrumbList","@id":"https:\/\/casparis20.fr\/index.php\/agenda\/preserver-cultiver-manger-a-partir-semences-paysannes\/#breadcrumb","itemListElement":[{"@type":"ListItem","position":1,"name":"Accueil","item":"https:\/\/casparis20.fr\/"},{"@type":"ListItem","position":2,"name":"\u00c9v\u00e8nements","item":"https:\/\/casparis20.fr\/index.php\/events\/"},{"@type":"ListItem","position":3,"name":"Conf\u00e9rence d\u00e9jeuner &#8211; Pr\u00e9server, cultiver et manger \u00e0 partir de semences paysannes"}]},{"@type":"WebSite","@id":"https:\/\/casparis20.fr\/#website","url":"https:\/\/casparis20.fr\/","name":"CAS20","description":"Caisse Alimentaire solidaire - Paris 20","publisher":{"@id":"https:\/\/casparis20.fr\/#organization"},"potentialAction":[{"@type":"SearchAction","target":{"@type":"EntryPoint","urlTemplate":"https:\/\/casparis20.fr\/?s={search_term_string}"},"query-input":{"@type":"PropertyValueSpecification","valueRequired":true,"valueName":"search_term_string"}}],"inLanguage":"en-US"},{"@type":"Organization","@id":"https:\/\/casparis20.fr\/#organization","name":"CAS20","url":"https:\/\/casparis20.fr\/","logo":{"@type":"ImageObject","inLanguage":"en-US","@id":"https:\/\/casparis20.fr\/#\/schema\/logo\/image\/","url":"https:\/\/casparis20.fr\/wp-content\/uploads\/2025\/02\/Logo_complet_RVB_rouge_CAS20.png","contentUrl":"https:\/\/casparis20.fr\/wp-content\/uploads\/2025\/02\/Logo_complet_RVB_rouge_CAS20.png","width":6278,"height":2718,"caption":"CAS20"},"image":{"@id":"https:\/\/casparis20.fr\/#\/schema\/logo\/image\/"}}]}},"_links":{"self":[{"href":"https:\/\/casparis20.fr\/index.php\/wp-json\/wp\/v2\/tribe_events\/989845","targetHints":{"allow":["GET"]}}],"collection":[{"href":"https:\/\/casparis20.fr\/index.php\/wp-json\/wp\/v2\/tribe_events"}],"about":[{"href":"https:\/\/casparis20.fr\/index.php\/wp-json\/wp\/v2\/types\/tribe_events"}],"author":[{"embeddable":true,"href":"https:\/\/casparis20.fr\/index.php\/wp-json\/wp\/v2\/users\/1"}],"version-history":[{"count":5,"href":"https:\/\/casparis20.fr\/index.php\/wp-json\/wp\/v2\/tribe_events\/989845\/revisions"}],"predecessor-version":[{"id":989862,"href":"https:\/\/casparis20.fr\/index.php\/wp-json\/wp\/v2\/tribe_events\/989845\/revisions\/989862"}],"wp:attachment":[{"href":"https:\/\/casparis20.fr\/index.php\/wp-json\/wp\/v2\/media?parent=989845"}],"wp:term":[{"taxonomy":"post_tag","embeddable":true,"href":"https:\/\/casparis20.fr\/index.php\/wp-json\/wp\/v2\/tags?post=989845"},{"taxonomy":"tribe_events_cat","embeddable":true,"href":"https:\/\/casparis20.fr\/index.php\/wp-json\/wp\/v2\/tribe_events_cat?post=989845"}],"curies":[{"name":"wp","href":"https:\/\/api.w.org\/{rel}","templated":true}]}}

Conférence déjeuner &#8211; Préserver, cultiver et manger à partir de semences paysannes

<div class="vgblk-rw-wrapper limit-wrapper">&#8220;Préserver, cultiver et manger à partir de semences paysannes&#8221;, avec Nadine Lahoud, de Veni Verdi, et Lara Beau, de Buzura Juzuruna, une ferme du Liban qui recherche, cultive et multiplie des semences paysannes afin de les ramener dans les pays ravagés par la guerre pour qu’ils conservent leur souveraineté alimentaire. Également en présence de Shela Sheikh, maîtresse de Conférence en politique internationale à The University of London Institute à Paris.</div>
<p><!-- .vgblk-rw-wrapper --></p>

<p>&#8220;Préserver, cultiver et manger à partir de semences paysannes&#8221;, avec Nadine Lahoud, de Veni Verdi, et Lara Beau, de Buzura Juzuruna, une ferme du Liban qui recherche, cultive et multiplie&#8230;</p>

<!-- This site is optimized with the Yoast SEO plugin v24.8 - https://yoast.com/wordpress/plugins/seo/ -->
<title>Conférence déjeuner - Préserver, cultiver et manger à partir de semences paysannes - CAS20</title>
<meta name="robots" content="index, follow, max-snippet:-1, max-image-preview:large, max-video-preview:-1" />
<link rel="canonical" href="https://casparis20.fr/index.php/agenda/preserver-cultiver-manger-a-partir-semences-paysannes/" />
<meta property="og:locale" content="en_US" />
<meta property="og:type" content="article" />
<meta property="og:title" content="Conférence déjeuner - Préserver, cultiver et manger à partir de semences paysannes - CAS20" />
<meta property="og:description" content="&#8220;Préserver, cultiver et manger à partir de semences paysannes&#8221;, avec Nadine Lahoud, de Veni Verdi, et Lara Beau, de Buzura Juzuruna, une ferme du Liban qui recherche, cultive et multiplie..." />
<meta property="og:url" content="https://casparis20.fr/index.php/agenda/preserver-cultiver-manger-a-partir-semences-paysannes/" />
<meta property="og:site_name" content="CAS20" />
<meta property="article:modified_time" content="2025-12-08T14:01:11+00:00" />
<meta name="twitter:card" content="summary_large_image" />
<meta name="twitter:label1" content="Est. reading time" />
	<meta name="twitter:data1" content="1 minute" />
<script type="application/ld+json" class="yoast-schema-graph">{"@context":"https://schema.org","@graph":[{"@type":"WebPage","@id":"https://casparis20.fr/index.php/agenda/preserver-cultiver-manger-a-partir-semences-paysannes/","url":"https://casparis20.fr/index.php/agenda/preserver-cultiver-manger-a-partir-semences-paysannes/","name":"Conférence déjeuner - Préserver, cultiver et manger à partir de semences paysannes - CAS20","isPartOf":{"@id":"https://casparis20.fr/#website"},"datePublished":"2025-11-19T15:47:23+00:00","dateModified":"2025-12-08T14:01:11+00:00","breadcrumb":{"@id":"https://casparis20.fr/index.php/agenda/preserver-cultiver-manger-a-partir-semences-paysannes/#breadcrumb"},"inLanguage":"en-US","potentialAction":[{"@type":"ReadAction","target":["https://casparis20.fr/index.php/agenda/preserver-cultiver-manger-a-partir-semences-paysannes/"]}]},{"@type":"BreadcrumbList","@id":"https://casparis20.fr/index.php/agenda/preserver-cultiver-manger-a-partir-semences-paysannes/#breadcrumb","itemListElement":[{"@type":"ListItem","position":1,"name":"Accueil","item":"https://casparis20.fr/"},{"@type":"ListItem","position":2,"name":"Évènements","item":"https://casparis20.fr/index.php/events/"},{"@type":"ListItem","position":3,"name":"Conférence déjeuner &#8211; Préserver, cultiver et manger à partir de semences paysannes"}]},{"@type":"WebSite","@id":"https://casparis20.fr/#website","url":"https://casparis20.fr/","name":"CAS20","description":"Caisse Alimentaire solidaire - Paris 20","publisher":{"@id":"https://casparis20.fr/#organization"},"potentialAction":[{"@type":"SearchAction","target":{"@type":"EntryPoint","urlTemplate":"https://casparis20.fr/?s={search_term_string}"},"query-input":{"@type":"PropertyValueSpecification","valueRequired":true,"valueName":"search_term_string"}}],"inLanguage":"en-US"},{"@type":"Organization","@id":"https://casparis20.fr/#organization","name":"CAS20","url":"https://casparis20.fr/","logo":{"@type":"ImageObject","inLanguage":"en-US","@id":"https://casparis20.fr/#/schema/logo/image/","url":"https://casparis20.fr/wp-content/uploads/2025/02/Logo_complet_RVB_rouge_CAS20.png","contentUrl":"https://casparis20.fr/wp-content/uploads/2025/02/Logo_complet_RVB_rouge_CAS20.png","width":6278,"height":2718,"caption":"CAS20"},"image":{"@id":"https://casparis20.fr/#/schema/logo/image/"}}]}</script>
<!-- / Yoast SEO plugin. -->

Conférence déjeuner - Préserver, cultiver et manger à partir de semences paysannes - CAS20

&#8220;Préserver, cultiver et manger à partir de semences paysannes&#8221;, avec Nadine Lahoud, de Veni Verdi, et Lara Beau, de Buzura Juzuruna, une ferme du Liban qui recherche, cultive et multiplie...

Évènements
